 (8 + (4 - 54) + -8 + 0)?
44
What is 10 + -14 + 8 - (29 + -8 + 6)?
-23
(19 - (46 + (-4 - 10))) + 15 + -10
-8
Evaluate (2 - -26) + 24 + 20 + 0 + -51.
21
What is -130 + 20 + 1 - (22 - (11 + 15))?
-105
Calculate -1 - 1 - (-12 + 11) - ((5 - -7) + -8).
-5
What is the value of 8 - 1 - ((-14 - (-7 + -4 + -6)) + 6)?
-2
What is the value of 22 - (-100 + 51 - -30)?
41
Evaluate 32 - ((-72 - -62) + -1 + 1).
42
3 - 6 - 0 - (-2 - 6 - -16 - 7)
-4
What is 60 + 5 + (2 - 1) - (-9 + 11)?
64
What is 1 + -7 - (-20 + 1 + 18) - (68 + -18)?
-55
What is (-7 - 47) + (2 + 6 + -19 + -2 - -9)?
-58
Evaluate -2 + (37 - (-37 - -16)).
56
Calculate (-16 + 3 - ((18 - 2) + -1)) + 6.
-22
What is the value of (67 - (153 + -54)) + -14?
-46
What is -5 + 2 - (112 + -119) - -13?
17
Calculate 12 + 21 + (-13 - (-5 + 47)).
-22
-37 + 1 + -4 + (-23 - -17) + -16 + 14
-48
Evaluate 7 + (-38 - 2) + 157 - (8 + 1).
115
What is the value of (-9 - (-102 + 11)) + (-1 - 1) + -10?
70
Calculate 2 - (-4 - -15 - 9).
0
(1578 - 1579) + (0 + 33 - (-4 - (-1 + -1)))
34
Calculate (-105 - -50) + (-54 - -2).
-107
Calculate -91 - 3 - (1129 + -1182).
-41
What is the value of 3 + (-1 - 7) - (-24 + (2 - -10) + 94)?
-87
-7 + -2 - -5 - -93
89
Calculate 9 - 6 - -3 - (1 + 27 - 82).
60
Evaluate -97 + 93 + -31 + 23.
-12
What is the value of -21 + 18 + (-16 - -9) + 46 + -3?
33
What is (-1322 - -1321) + (1 - -19)?
19
Evaluate 13 - (-19 + (33 - 9 - 23)).
31
Calculate 58 + 31 - 53 - (7 - -77).
-48
Evaluate -36 + (-29 - -92) - -15.
42
Calculate 7149 - 6863 - (147 - 1).
140
What is the value of -47 + (14 - 18) - -4?
-47
-1900 + 1881 + (-45 - -4)
-60
What is the value of -5 + 2 - ((-128 - -7 - -10) + -7 + -1)?
116
(11 + (-8 - -28) - -13) + (-3 - 0)
41
What is -1668 - -1648 - (40 + -4)?
-56
-14 + (28 - 20) + 7 - 7
-6
Evaluate (124 - 26) + 43 + -113.
28
Evaluate -13 - (24 + -22 - -4 - -2).
-21
-571 + 573 - (-2 + -37)
41
What is the value of -45 + 163 + 48 + -94?
72
(-88 - (31 - 67)) + 83
31
Calculate 11 - (-11 + (28 - 9 - -7) + -8).
4
What is 12 - (410 + -426 + 0 + 3 + 23)?
2
(-3 - 18) + 82 + -39
22
-40 - (3 + 1 - 45)
1
Evaluate 36 + 10 + -32 + -13.
1
Evaluate -6138 + 6201 + -2 + 0.
61
Calculate -45 + 13 - 12 - (-11 - -3).
-36
What is the value of 1 - -2 - 9 - (-27 + 19 + -9 + -5)?
16
Calculate 1 + 5 - (-61 - 10 - 3).
80
Calculate 8 - (3 + 1 + (-22 - (16 - 102 - -13))).
-47
What is -34 + -1 + (2 - 37 - -142)?
72
Evaluate -41 + 16 + 69 - 98 - 25.
-79
Calculate 2 + 1 + (19 - 58) + -6 + 0 + -3.
-45
What is -9 - ((4 - 12 - -12) + -5 - (32 + 2))?
26
-68 + (-3 - 19) + 5 + 14
-71
Evaluate 1 - -162 - (509 + -428).
82
Calculate 96 - (82 - (43 - 1)).
56
Evaluate -41 - ((-7 - -6) + -1 - -9).
-48
Evaluate (-7 - 10) + -19 + 18 + -52.
-70
Evaluate (26 - (-20 - -65)) + (8 - 0) - (45 - 1).
-55
Evaluate -88 + 87 - 26 - 95.
-122
Evaluate -11 + 75 + -139 + 103 - (0 - -6).
22
What is (1 - -11) + (76 - 141) - -16?
-37
Calculate (-2 - -68) + (1 + -27 - (212 + -237)).
65
(-71 - -4 - 4 - 6) + -2 + (-1 - 2)
-82
Calculate 0 - (10 + (7 - 32) + 6).
9
Evaluate 5 - (4 + -4 + 7) - (-3 - (10 - 5)).
6
Calculate -2 + -94 - (8 - (13 - 33 - -10 - -21)).
-93
What is 61 + 0 + -41 + -5?
15
What is the value of -24 + (3 - -2) - (14 - -1 - (-157 + 171))?
-20
What is the value of 9 + (1 - (5 - 1)) + (-344 - -346) + 7?
15
What is -152 + 134 + (6 - (-11 + -3))?
2
Calculate 66 - 72 - (-4 - (-128 + 1 + (-23 - -17))).
-135
What is the value of 7 - (-3 - (-25 - -1))?
-14
Evaluate 180 - 180 - (0 + 7 - 2).
-5
What is the value of -122 + (8 - (35 - 30)) + (2 - 0)?
-117
Evaluate 95 + 131 + -60 + -24.
142
19 - (-13 - (-18 + -52))
-38
What is -13 - (1 + -2) - (136 + (-379 - -302))?
-71
(-24 - (-34 + 9)) + 6
7
9 - 16 - (-11 + 1) - (-78 - -125)
-44
Calculate (-1 - -63) + -35 + (-32 - -45).
40
Calculate -16 - -1 - (-263 - -266 - 55).
37
What is the value of 8 + (11 - (21 + -32 - -5))?
25
(-2 - -4) + (685 - 721)
-34
Calculate (-25 - -26) + (-1 - 1 - 3) - (24 + 10).
-38
Evaluate 3 - (-8 + 3 + 21 - 31 - -12) - 72.
-66
What is 31 + (77 - -26 - 80)?
54
What is the value of -6 + 5 + (-12 + 12 + 18 - -35)?
52
Evaluate -51 + (-19 - -2 - -15) + 4 - -14.
-35
What is 62 + (-23 - -18) + -96?
-39
Evaluate 11 - ((-6 - -8) + 7 + -5 + -2 - -23).
-14
What is (1 - 58) + -20 + 166?
89
75 - 142 - 42 - -159
50
What is 25 - ((-35 - 19) + (-17 - -9))?
87
What is 2 + -3 + 4 + 0 - 2 - (315 + -269)?
-45
What is 5 + 6 + (-14 - -7) - 53 - (-7 - -5)?
-47
38 + (-19 - 0) + 6 - (2 + -7)
30
What is -7 - (52 + -40 + (-3 - 26) - -6)?
4
-18 + (37 + -66 - (-47 - 3))
3
Evaluate 11 + 1 - (-12 + 12).
12
What is -28 - -36 - ((20 - 15) + -38)?
41
Evaluate -59 + -1 - (-13 + 1 + -11 - -25).
-62
What is the value of (2 - 5) + -1 + (3 - 22) + 35?
12
Evaluate (89 - 84 - ((-24 - -6) + -1)) + 9.
33
Evaluate (3 + (-20 - -23) - (2 - (-18 + -4))) + -4.
-22
What is the value of 222 - (434 - 193) - (-1 - -39)?
-57
Calculate -61 + 13 + (2 - -3 - (22 - (7 - -1))).
-57
Calculate -73 - (-6 + (5 + -20 - -13)).
-65
What is -68 - ((-33 - (-20 + 11)) + 31)?
-75
Calculate -38 + -150 + 81 + 31.
-76
What is the value of -1 + (-1 - 9) + -37 + 25 + 13 + -12?
-22
Calculate 13 - -2 - (-17 + -24 + 3 + 64).
-11
Evaluate -83 - (-2 - 51) - -23.
-7
What is the value of -1 + 3 + -4 + -13 + 15?
0
Calculate 119 - ((89 - 119) + 20).
129
(3 - -1) + (74 - 45 - 39) + -20
-26
What is the value of -17 - (-12 - -22 - (-9 - -64))?
28
What is 8 - (13 + -11 - 28 - 7)?
41
What is 28 + 137 + -61 + -124?
-20
Calculate (4 - -1) + 54 + -1 + 80 + -15 + -76.
47
What is the value of 28 - (-12 - -43 - 19 - 1) - -17?
34
Evaluate -1 - -12 - (182 - (138 - -78)).
45
Evaluate 4 + -164 + (-1447 - -1565).
-42
52 + -109 + 55 - (-16 + (-2 - 0))
16
What is 18 + -15 + 39 + -116?
-74
(-97 - (8 + -4 + (-41 - -51))) + -5
-116
What is -57 + (-35 - -71) + 50?
29
What is the value of -70 + (-27 - (65 + -132))?
-30
Evaluate 703 + -704 + (-2 - (-2 + 2) - -27) - 11.
13
Calculate 1 + -84 - (8450 - 8464).
-69
(46 - 36 - -33) + -13
30
Evaluate -10 + 6 + -3 + (-24 - -44) + -6.
7
Calculate 170 - (-20 + 72 + 1).
117
4 - (-3 + -6 + (-2 - -10)) - -9
14
What is 296 + -308 + (-2 + 2 + -18 - -3)?
-27
What is (-4 + 11 + (-9 - -4) - (-1 + 1)) + -9?
-7
-1 - ((17 + 11 - (8 - (-4 - -4))) + -1)
-20
What is (-35 - -18) + (-2 - -14) - -27?
22
(-15 - 3) + -18 + 6 + 19 - 11
-22
Calculate 1 - 9 - 43 - (-72 - -74).
-53
146 + (-30 + 21 - 35)
102
Calculate (-23 + -13 + 6 - -9) + 135 + -156.
-42
What is the value of (72 - 68 - 40) + 0 + -2?
-38
37 - (35 - 2 - (-1585 + 1679))
98
What is -19 + 15 + 4 + -60 + 9 + 8?
-43
Evaluate (197 + -66 - 134) + -34.
-37
Evaluate -7 - (-17 + -14) - (-1 - 0 - 8).
33
What is the value of -55 + 1 + 4016 + -3951?
11
What is (2 - (-6 + 4 + 18 + -2)) + 73?
61
Evaluate -10 - (4 - 1) - (-106 - -42).
51
Calculate (31 - (84 + 37)) + 87.
-3
What is the value of 163 - (-34 - 19 - -312)?
-96
Calculate 1 + (-43 - -47) + -40.
-35
Evaluate 12 + (-16 - (94 + -57)).
-41
What is the value of 207 + -179 - (-15 + -61 + -15)?
119
What is the value of (-1 - -21) + 2061 + -2098?
-17
Calculate -42 + (15 - (8 - 0)) + (7 - -3).
-25
What is the value of 118 + 57 + -14 + 7 + -76?
92
What is -65 + 0 + 17 + (-16 - -29)?
-35
Calculate (8 - (15 - (2 - -2))) + -11 + 43.
29
Evaluate (35 - 23) + (-3 - (-9 + 6)) + 38.
50
What is the value of (-12 - -7 - -56) + (12 + -15 - -9)?
57
What is the value of (1 - 72) + (-1262 - -1301)?
-32
What is (8 - 4 - -6) + -12 + (-31 - -19) + 12?
-2
Evaluate (11 - (7 + -34)) + -37.
1
What is the value of 0 - -9 - (6 - (-3 - (3 - 30)) - -19)?
8
Calculate -3 + 7 - (-95 - 66 - -51).
114
What is the value of (-33 + -2 - ((17 - 54) + 35)) + 1?
-32
What is the value of 49 + ((-26 - -18) + 19 - 34)?
26
29 - (61 + 32) - -86
22
Calculate -65 + (-67 - 40) + 39 + 34.
-99
Calculate (-1 - (12 - 1)) + (-72 - (-82 - -35)).
-37
Evaluate 35 + (-82 - (39 + -64)) - -49.
27
What is the value of 35 + -31 + 39 - -9?
52
47 + 91 + -54 + -58
26
What is the value of -20 - (20 + (-1 - -2 - (-40 + 52)))?
-29
Calculate -35 + -40 + 36 - (-38 + -26).
25
What is 2 + 120 - 57 - 74?
-9
What is the value of 1 + 24 - (-10 + -1 - (20 + -24))?
32
What is (1 - (-20 - -13 - 18)) + -12 + 2?
16
What is -4 + (0 - (3 - (-5 - 32 - -2)))?
-42
58 - (59 + -129 - -30)
98
What is 25 - (0 + 5) - 29 - (1 - 65)?
55
Calculate 158 + (-287 - -119